{"id":16,"date":"2009-01-19T12:29:40","date_gmt":"2009-01-19T11:29:40","guid":{"rendered":"http:\/\/www.grenzsteintrophy.de\/?page_id=16"},"modified":"2019-05-20T13:07:26","modified_gmt":"2019-05-20T11:07:26","slug":"ueber","status":"publish","type":"page","link":"https:\/\/overnighter.de\/en\/ueber\/","title":{"rendered":"\u00dcber"},"content":{"rendered":"<p>Die meisten Dinge beginnen schleichend und erst sp\u00e4ter vermag man zu erkennen, was sich entwickelt hat und dass dies oder jener Moment der Beginn war.<\/p>\n<p>Und so begann overnighter.de im November 2007. Damals las ich eine kurze Meldung in der <a title=\"Bike Magazin\" href=\"http:\/\/www.bike-magazin.de\" target=\"_blank\" rel=\"noopener noreferrer\">Bike<\/a>\u00a0\u00fcber <a title=\"Dominik Video\" href=\"http:\/\/tv.bike-magazin.de\/video\/Express-Transalp-in-zwei-Tagen\/e8db226d9a575a0d2ff8de88cdaae80f\" target=\"_blank\" rel=\"noopener noreferrer\">Dominik Scherer<\/a>, der 2008 an einem Rennen teilnehmen wolle, das &#8220;<a title=\"Tour Divide\" href=\"http:\/\/tourdivide.org\" target=\"_blank\" rel=\"noopener noreferrer\">Tour Divide<\/a>&#8221; hie\u00dfe und 4.500 km entlang des Continental Divides durch die Rocky Mountains f\u00fchrte. Ich war infiziert und habe abendelang gesurft, alle Infos aufgesaugt und war dieser Mischung aus Radsport, Pfadfindertum und\u00a0\u00a0Ausr\u00fcstungsfetischismus vollends erlegen. Nach Fahrten wie <a title=\"TrOslo\" href=\"http:\/\/www.styrkeproven.no\/de\" target=\"_blank\" rel=\"noopener noreferrer\">Trondheim-Oslo<\/a>, <a title=\"Bike Transalp\" href=\"http:\/\/www.bike-transalp.de\/de\/news.html\" target=\"_blank\" rel=\"noopener noreferrer\">Bike-Transalp<\/a> und zahlreichen Brevets (<a title=\"PBP\" href=\"http:\/\/www.paris-brest-paris.org\/pbp2011\/index2.php?lang=fr&amp;cat=accueil&amp;page=edito\" target=\"_blank\" rel=\"noopener noreferrer\">Paris-Brest-Paris<\/a>, Bordeaux-Madrid \u00a0usw.) schien mir die Idee der Selbstversorgerfahrten als die Quintessenz all meiner bisherigen Radabenteuer.<\/p>\n<p>Nun, da es damals unm\u00f6glich war, sich f\u00fcr einen Monat aus Familie und Beruf zu verabschieden, blieb mir erst einmal nur das Tr\u00e4umen, das Fantasieren und das &#8220;von langer Hand planen&#8221;. Weihnachten 2008 stolperte ich beim Zappen im Fernseher \u00fcber einer Dokumentation zum &#8220;Gr\u00fcnen Band&#8221; und wie ein Blitz schoss es ihn mich: &#8220;Da fahren wir lang, genau wie bei der Tour Divide&#8221;. Das war die Geburtsstunde der &#8220;Grenzsteintrophy&#8221;. Im Juni 2009 ging knapp 20 Abenteurer auf die 1.250 km lange Reise entlang der ehemaligen Deutsch-Deutschen-Grenze.<\/p>\n<p><a href=\"http:\/\/overnighter.wp.velocontent.de\/ueber\/bildschirmfoto-2013-02-12-um-21-31-18\/\" rel=\"attachment wp-att-6296\"><img decoding=\"async\" class=\"alignnone size-medium wp-image-6296\" alt=\"Bildschirmfoto 2013-02-12 um 21.31.18\" src=\"http:\/\/overnighter.wp.velocontent.de\/files\/2009\/01\/Bildschirmfoto-2013-02-12-um-21.31.18-300x250.png\" width=\"300\" height=\"250\" \/><\/a><\/p>\n<p>Der Blog zur GST entwickelte sich und hatte nicht mehr nur die GST selbst, sondern Fahrer, Technik und auch andere \u00e4hnliche Fahrten zum Gegenstand \u00a0der Beitr\u00e4ge. 2013 zog ich die Konsequenz und baute den GST-Blog komplett um: &#8220;overnighter.de &#8211; mit dem Rad durch Nacht und Natur&#8221; ist das Ergebnis: Egal wo, egal mit wem, egal wie schnell, aber immer in der Natur und im Selbstversorgermodus. Darum soll es hier gehen.<\/p>\n<p>&nbsp;<\/p>\n<p><strong>\u00dcber mich<br \/>\n<\/strong>Mein Name ist Gunnar Fehlau, Jahrgang 1973, hauptberuflich bin ich Gr\u00fcnder und Gesch\u00e4ftsf\u00fchrer des<a href=\"http:\/\/www.pd-f.de\" target=\"_blank\" rel=\"noopener noreferrer\"> pressedienst-fahrrad<\/a>. Zudem leite ich die <a title=\"velonauten\" href=\"http:\/\/velonauten.de\" target=\"_blank\" rel=\"noopener noreferrer\">velonauten<\/a>, die unter anderem das\u00a0<a title=\"fahrstil\" href=\"http:\/\/www.fahrstil-magazin.de\/\" target=\"_blank\" rel=\"noopener noreferrer\">fahrstil<\/a>\u00a0Magazin\u00a0herausgeben und die redaktionelle Leitung des <a title=\"VSF\" href=\"http:\/\/www.vsf.de\" target=\"_blank\" rel=\"noopener noreferrer\">VSF<\/a>-Kundenmagazins &#8220;<a title=\"VSF..abfahren\" href=\"http:\/\/www.vsf.de\/abfahren-Kundenzeitschrift-d.269.0.html\" target=\"_blank\" rel=\"noopener noreferrer\">abfahren<\/a>&#8221; \u00fcbernehmen. Unterwegs bin ich am liebsten mit dem Rad, Bauart und Tempo passe ich der Laune und den Begebenheiten an.<\/p>","protected":false},"excerpt":{"rendered":"<p>Die meisten Dinge beginnen schleichend und erst sp\u00e4ter vermag man zu erkennen, was sich entwickelt hat und dass dies oder jener Moment der Beginn war. Und so begann overnighter.de im November 2007. Damals las ich&#8230; <\/p>\n<p class=\"more\"><a class=\"more-link\" href=\"https:\/\/overnighter.de\/en\/ueber\/\">Read More<\/a><\/p>\n","protected":false},"author":36,"featured_media":0,"parent":0,"menu_order":0,"comment_status":"closed","ping_status":"closed","template":"","meta":{"jetpack_post_was_ever_published":false,"footnotes":""},"class_list":["post-16","page","type-page","status-publish","hentry"],"jetpack_shortlink":"https:\/\/wp.me\/P8ejB5-g","jetpack_sharing_enabled":true,"_links":{"self":[{"href":"https:\/\/overnighter.de\/en\/wp-json\/wp\/v2\/pages\/16","targetHints":{"allow":["GET"]}}],"collection":[{"href":"https:\/\/overnighter.de\/en\/wp-json\/wp\/v2\/pages"}],"about":[{"href":"https:\/\/overnighter.de\/en\/wp-json\/wp\/v2\/types\/page"}],"author":[{"embeddable":true,"href":"https:\/\/overnighter.de\/en\/wp-json\/wp\/v2\/users\/36"}],"replies":[{"embeddable":true,"href":"https:\/\/overnighter.de\/en\/wp-json\/wp\/v2\/comments?post=16"}],"version-history":[{"count":3,"href":"https:\/\/overnighter.de\/en\/wp-json\/wp\/v2\/pages\/16\/revisions"}],"predecessor-version":[{"id":12975,"href":"https:\/\/overnighter.de\/en\/wp-json\/wp\/v2\/pages\/16\/revisions\/12975"}],"wp:attachment":[{"href":"https:\/\/overnighter.de\/en\/wp-json\/wp\/v2\/media?parent=16"}],"curies":[{"name":"wp","href":"https:\/\/api.w.org\/{rel}","templated":true}]}}

Über

<p>Die meisten Dinge beginnen schleichend und erst später vermag man zu erkennen, was sich entwickelt hat und dass dies oder jener Moment der Beginn war.</p>
<p>Und so begann overnighter.de im November 2007. Damals las ich eine kurze Meldung in der <a title="Bike Magazin" href="http://www.bike-magazin.de" target="_blank" rel="noopener noreferrer">Bike</a> über <a title="Dominik Video" href="http://tv.bike-magazin.de/video/Express-Transalp-in-zwei-Tagen/e8db226d9a575a0d2ff8de88cdaae80f" target="_blank" rel="noopener noreferrer">Dominik Scherer</a>, der 2008 an einem Rennen teilnehmen wolle, das &#8220;<a title="Tour Divide" href="http://tourdivide.org" target="_blank" rel="noopener noreferrer">Tour Divide</a>&#8221; hieße und 4.500 km entlang des Continental Divides durch die Rocky Mountains führte. Ich war infiziert und habe abendelang gesurft, alle Infos aufgesaugt und war dieser Mischung aus Radsport, Pfadfindertum und  Ausrüstungsfetischismus vollends erlegen. Nach Fahrten wie <a title="TrOslo" href="http://www.styrkeproven.no/de" target="_blank" rel="noopener noreferrer">Trondheim-Oslo</a>, <a title="Bike Transalp" href="http://www.bike-transalp.de/de/news.html" target="_blank" rel="noopener noreferrer">Bike-Transalp</a> und zahlreichen Brevets (<a title="PBP" href="http://www.paris-brest-paris.org/pbp2011/index2.php?lang=fr&amp;cat=accueil&amp;page=edito" target="_blank" rel="noopener noreferrer">Paris-Brest-Paris</a>, Bordeaux-Madrid  usw.) schien mir die Idee der Selbstversorgerfahrten als die Quintessenz all meiner bisherigen Radabenteuer.</p>
<p>Nun, da es damals unmöglich war, sich für einen Monat aus Familie und Beruf zu verabschieden, blieb mir erst einmal nur das Träumen, das Fantasieren und das &#8220;von langer Hand planen&#8221;. Weihnachten 2008 stolperte ich beim Zappen im Fernseher über einer Dokumentation zum &#8220;Grünen Band&#8221; und wie ein Blitz schoss es ihn mich: &#8220;Da fahren wir lang, genau wie bei der Tour Divide&#8221;. Das war die Geburtsstunde der &#8220;Grenzsteintrophy&#8221;. Im Juni 2009 ging knapp 20 Abenteurer auf die 1.250 km lange Reise entlang der ehemaligen Deutsch-Deutschen-Grenze.</p>
<p><a href="http://overnighter.wp.velocontent.de/ueber/bildschirmfoto-2013-02-12-um-21-31-18/" rel="attachment wp-att-6296"><img decoding="async" class="alignnone size-medium wp-image-6296" alt="Bildschirmfoto 2013-02-12 um 21.31.18" src="http://overnighter.wp.velocontent.de/files/2009/01/Bildschirmfoto-2013-02-12-um-21.31.18-300x250.png" width="300" height="250" /></a></p>
<p>Der Blog zur GST entwickelte sich und hatte nicht mehr nur die GST selbst, sondern Fahrer, Technik und auch andere ähnliche Fahrten zum Gegenstand  der Beiträge. 2013 zog ich die Konsequenz und baute den GST-Blog komplett um: &#8220;overnighter.de &#8211; mit dem Rad durch Nacht und Natur&#8221; ist das Ergebnis: Egal wo, egal mit wem, egal wie schnell, aber immer in der Natur und im Selbstversorgermodus. Darum soll es hier gehen.</p>
<p>&nbsp;</p>
<p><strong>Über mich<br />
</strong>Mein Name ist Gunnar Fehlau, Jahrgang 1973, hauptberuflich bin ich Gründer und Geschäftsführer des<a href="http://www.pd-f.de" target="_blank" rel="noopener noreferrer"> pressedienst-fahrrad</a>. Zudem leite ich die <a title="velonauten" href="http://velonauten.de" target="_blank" rel="noopener noreferrer">velonauten</a>, die unter anderem das <a title="fahrstil" href="http://www.fahrstil-magazin.de/" target="_blank" rel="noopener noreferrer">fahrstil</a> Magazin herausgeben und die redaktionelle Leitung des <a title="VSF" href="http://www.vsf.de" target="_blank" rel="noopener noreferrer">VSF</a>-Kundenmagazins &#8220;<a title="VSF..abfahren" href="http://www.vsf.de/abfahren-Kundenzeitschrift-d.269.0.html" target="_blank" rel="noopener noreferrer">abfahren</a>&#8221; übernehmen. Unterwegs bin ich am liebsten mit dem Rad, Bauart und Tempo passe ich der Laune und den Begebenheiten an.</p>

<p>Die meisten Dinge beginnen schleichend und erst später vermag man zu erkennen, was sich entwickelt hat und dass dies oder jener Moment der Beginn war. Und so begann overnighter.de im November 2007. Damals las ich&#8230; </p>
<p class="more"><a class="more-link" href="https://overnighter.de/en/ueber/">Read More</a></p>
